What is the tens digit of (-5 - -3)*d/1?
1
Let d be (-3)/2 - (-21)/(-2). Let o(f) = -7*f - 4. What is the units digit of o(d)?
0
Suppose f = 3*r - 6, 3*f - 2*r + 7*r = 10. Suppose 2*c - 12 = 4*q, -c + 3*q = -f*q - 8. What is the units digit of c?
2
Suppose 0 = v - 2*k - 152 + 17, 0 = -5*v + 3*k + 661. What is the tens digit of v?
3
What is the thousands digit of ((-1)/3)/((-1)/8214)?
2
Suppose 0 = -3*g - 12, 2*o + 0*g - 2 = 3*g. Let r = 55 + -21. What is the tens digit of -5*(-1 + r/o)?
3
Suppose 963 = 2*n + 285. Suppose -y + 4*y - n = 0. What is the hundreds digit of y?
1
Let l(a) = a**3 + 12*a**2 + 10*a - 8. Let n be l(-11). Suppose -n*s + 5 + 1 = 0. Suppose s*u - 120 = -8. What is the units digit of u?
6
Let z(y) = y**3 + 5*y**2 + 4*y + 10. Let o be z(-4). Suppose o = k + 19. What is the tens digit of ((-48)/(-20))/(k/(-210))?
5
Let d(y) = -4*y - 1. Let t be d(-1). Let g be (-2 - (t - 4))*35. Let i = 52 + g. What is the tens digit of i?
1
What is the hundreds digit of 756085/770 + 3/42?
9
Let o(l) = 31*l**2 + 4*l + 8. What is the tens digit of o(3)?
9
Let b = 485 - 369. What is the tens digit of b?
1
Suppose 5*r - 932 = -4*o, -8*r = -5*o - 6*r + 1132. What is the units digit of o?
8
Let c(k) = 5*k**2 - 9*k - 9. Let l be c(-6). Suppose -75 = 3*r - l. Suppose -r = -s - 4*f, 4*f - 110 = -0*s - 3*s. What is the units digit of s?
0
Let b be (26/(-4))/(-2 + 1340/672). Suppose 4*j = -0*j + 4*p + b, 1373 = 5*j - 3*p. What is the units digit of j?
7
Let x = 275 - 191. Suppose -g - 4*q - x = -5*g, 3*g + 3*q = 45. Let r = g + 4. What is the units digit of r?
2
Suppose 4*c = -2*l - 14, 0 = 5*l - 0*l + 5*c + 10. Suppose -2*o + 2*t = 16, l*o = 6*o + 3*t. What is the units digit of ((-38)/o - -1)*2?
1
Suppose -5*g - 3*f = -39, 4*g + 0*f - 15 = 3*f. Let y(t) = t - 4. Let i be y(g). Suppose 2*c - 5*u = 32, 8*c - 16 = 4*c - i*u. What is the units digit of c?
6
Let x = 26 + -6. Suppose -x*p + 156 = -16*p. What is the tens digit of p?
3
Let o be (-8 - (-2 - 0))/(-2). Let w(y) = 0 + 1 - 27*y - o - 1. What is the units digit of w(-2)?
1
Let q(x) = -x**3 - 6*x**2 - 6*x - 3. Let o be q(-5). Suppose 4 = -6*j + o*j. What is the units digit of (6 + j)/((-3)/(-30))?
0
Suppose -3*x + 8*x = 0. Suppose x = 2*m - m - 34. Suppose 3*z = 2 + m. What is the units digit of z?
2
Let a = -19 - -7. Let n = a + 23. Suppose -l + 2*j - 5*j = -n, -5*j = 3*l - 53. What is the units digit of l?
6
Let q(f) = -f**3 + 18*f**2 - 33*f - 6. What is the units digit of q(-13)?
2
Let y be 12/8*(-11 + 1). Suppose 3*t - 34 = 86. What is the units digit of t/y*3/(-2)?
4
Let w be (1/(-4))/((-5)/20). Let c(u) = 99*u - 2. What is the units digit of c(w)?
7
Let h be (20/(-16))/((-1)/4). Suppose -3*j = -h - 7. Suppose 0*s + 2*s - k = 55, -j*s = 3*k - 115. What is the units digit of s?
8
Suppose -3*x - 2*x = -3425. What is the units digit of x?
5
What is the tens digit of 15*(800/6)/5?
0
Suppose 5*d - 3*l + 1647 = 13910, -2*d - 4*l = -4900. What is the thousands digit of d?
2
Suppose -5*z = -3*x - 78 - 1037, 3*z - 685 = 5*x. What is the tens digit of z?
2
Suppose 19*a - 376 = 18*a. What is the units digit of a?
6
What is the thousands digit of (1 + -41)/5 + 1628?
1
Let p be 8 - (0 + 2)/(-2). Let f(c) = 142*c + 15 - 69*c - 72*c. What is the tens digit of f(p)?
2
Suppose -13 = -2*k + 3*x, -k - 2*k + 5*x + 22 = 0. Let q be (2 - k) + (-9 - -8). Suppose 216 = q*z + 4*z. What is the tens digit of z?
3
Suppose 5*a - 2*v = 24, 3*a - 5 - 15 = 4*v. Suppose 3*c - 271 = -a*r, -r + 27 = 2*c - 47. What is the tens digit of r?
6
Suppose 4*q + q - 20 = 0. Suppose h - 2*m + 1 = 0, h = -q*h + 4*m + 13. Suppose -4*u + 3*u - h*i + 56 = 0, 12 = 4*i. What is the tens digit of u?
4
Let t(k) = 55*k**2 - 14*k - 6. What is the tens digit of t(3)?
4
Let w(p) = p**3 + 1. Let d(r) = 7*r**3 - 4*r**2 + 25. Let n(l) = d(l) - 4*w(l). What is the hundreds digit of n(4)?
1
Let y be (1/1)/((-3)/(-9)). Let u(z) = -3*z**2 + 27*z - 1. Let g be u(9). What is the units digit of (g/(y/(-9)))/1?
3
Let o(x) = 161*x**2 + 8*x - 13. What is the hundreds digit of o(4)?
5
Let q = 6395 + -3539. What is the thousands digit of q?
2
What is the thousands digit of (((-2776)/(-3))/1)/((-12)/(-36))?
2
Let o be (30/(-21))/(3/(-21)). Let g = o + -7. Let m(c) = 3*c - 3. What is the units digit of m(g)?
6
Let r be -2 + 4 - 6/3. What is the tens digit of (0*1/(-4) - r) + 38?
3
Let b(q) be the second derivative of q**3/6 + 3*q**2/2 - 9*q. Let n be b(-3). Suppose -5*l = -3*g - 33 - 41, 4*l - 3*g - 61 = n. What is the tens digit of l?
1
Suppose -3*r = -563 - 19. What is the tens digit of r?
9
Let b = -4221 + 7589. What is the units digit of b?
8
Suppose -17*o = -9*o - 11704. What is the units digit of o?
3
Let r(a) = -36*a**2 - 22. Let h be r(-4). What is the tens digit of h/(-8) + (7/(-4))/(-7)?
7
Let t = 821 - 530. What is the hundreds digit of t?
2
Let y = -5332 - -3744. What is the tens digit of y/(-12) - (-5)/(-15)?
3
What is the hundreds digit of ((-2)/(-10))/(5/7925)?
3
Let a = -232 + 880. Suppose 9*g = g + a. What is the units digit of g?
1
Let a = 324 - -3424. What is the thousands digit of a?
3
Let m = 117 + 41. What is the units digit of m?
8
Let z = 372 + -217. Suppose -z = -w - 4*w. Suppose 5*d = -4*k + w, k - 4 = 4*d - 3*k. What is the units digit of d?
3
Let j(h) = h**2 + 29. What is the tens digit of j(12)?
7
Let c(b) = 5*b + 9. Let d be c(-4). Suppose 0 = -a + 10 + 7. Let l = a + d. What is the units digit of l?
6
What is the units digit of (-55)/(1045/(-28956))*4/1?
6
Let g(p) = 50*p**3 - 2*p**2 - 22*p + 51. What is the hundreds digit of g(3)?
3
Let d = 1701 - 689. What is the units digit of d?
2
Let b = -352 + 787. What is the units digit of b?
5
Let f = 3073 - 924. What is the thousands digit of f?
2
What is the thousands digit of (-105)/(-6)*(9 + 5448/40)?
2
Suppose h = 0, -47 = 5*q + 5*h + 403. Let y = q - -105. What is the units digit of y?
5
Let r(p) = -6*p**2 - p**3 - 9*p + 5*p - 5 + 0*p. Let z(i) = i**3 - 7*i**2 + 4*i + 6. Let u be z(6). What is the tens digit of r(u)?
1
Suppose 3*u + j - 5 = 7, 4*j - 8 = -4*u. Suppose 12*c - u*c = 700. What is the tens digit of c?
0
Let x be (-17)/(102/(-36)) - 4/1. What is the units digit of (-155)/x*(1 - (-2 - -5))?
5
Suppose 0 = -4*k + 4*l - 368, 2*k + l - 17 + 207 = 0. Let m = -34 - k. What is the units digit of m?
0
Let n(y) = 2*y**2 + 9*y - 5. Let k be n(-5). Suppose k*x - 5*x = -365. What is the units digit of x?
3
Suppose 3*h = 12, h - 4*h = 2*k - 20. Suppose w = -5*r - 0*w + 755, -k*r - 3*w = -615. What is the hundreds digit of r?
1
Let w = 25 - 22. Suppose -2*l + w = -23. Suppose v - 9 = l. What is the units digit of v?
2
Let b(d) = -5*d + 15. Let c be b(6). Let h(n) = -n**2 - 18*n - 20. What is the units digit of h(c)?
5
Let m(b) = -56*b**2 - b + 1. Let t be m(1). Let n = t - -133. What is the tens digit of n?
7
Let c = 1720 - 610. What is the units digit of c?
0
Suppose -10 = -2*p - 2*g, 3*p - 13 = -p + 3*g. Suppose 2*c - 96 = -3*z, p*z + 5*c + 2 = 130. Let r = z + -7. What is the tens digit of r?
2
Let r(f) be the first derivative of -67*f**4/4 - f**3 - f**2 - 9. What is the tens digit of r(-1)?
6
Suppose -4*w = -4*x + 1236, -14*x + 16*x - 627 = 5*w. What is the units digit of x?
6
Let g(w) = -5*w + 22. Let d be g(-9). Let b = d + -26. What is the units digit of b?
1
Suppose 3*z - 11 = -2*n + 6, z - 2*n = -5. Suppose 2*s = v + 338, 6*s + z*v = 5*s + 176. What is the hundreds digit of s?
1
Let k(q) = -3*q**2 - 156. Let b(v) = -7*v**2 - 312. Let r(h) = 4*b(h) - 9*k(h). What is the tens digit of r(0)?
5
Let a(z) = 3 - 1 + 3*z**2 - z**3 - 6*z**2 + 3. What is the units digit of a(-5)?
5
Suppose 2*a + p - 1647 = 0, 2*p + 1888 = 2*a + 256. Suppose -3*m + 6*m - y = 479, 5*m = -4*y + a. What is the hundreds digit of m?
1
Suppose 0 = 2*v - 4*g - 98, -g = v + 2*g - 69. Let o = 131 + v. What is the tens digit of o?
8
Suppose -3*z + 235 = 2*r + 629, 3*z + 382 = 4*r. What is the tens digit of 4 - 3/(6/z)?
6
Let i = -130 + 542. Suppose 5*m + 2*c - i = 0, -m + 4*c - 5*c + 83 = 0. What is the units digit of m?
2
Let c = -9 + 9. Suppose c + 4 = 2*a. Suppose -4*m - 2*r = -68, -2*r - 37 = -a*m - m. What is the units digit of m?
5
Let o(u) = -u**3 + 13*u**2 - 11*u + 23. What is the hundreds digit of o(6)?
2
L